9
Let h(z) = -z**3 - 12*z**2 - 19*z + 31. Calculate h(-10).
21
Let u(o) = o**2 + 5*o + 22. What is u(-4)?
18
Let r(x) = x**3 - 9*x**2 + 15*x + 8. Give r(8).
64
Let j(a) = a**2 + 2*a - 4. What is j(0)?
-4
Let m(d) = 2*d + 12. Calculate m(-8).
-4
Let q(b) = -4*b**2 - b - 6. What is q(-2)?
-20
Let b(q) = 67*q - 795. Calculate b(12).
9
Let n(h) = 4*h + 41. What is n(-14)?
-15
Let u(d) = -d**2 - 6*d + 3. What is u(-10)?
-37
Let o(q) = 6*q + 20. Give o(-3).
2
Let x(d) = 2*d**2 + 14*d + 29. Determine x(-7).
29
Let i(g) = 4*g**3 + 2*g**2 - 2*g + 3. Determine i(2).
39
Let c(y) = 7*y - 5. What is c(2)?
9
Let t(j) = -8*j**2 - 3*j + 2. Calculate t(1).
-9
Let n(i) = i + 2. What is n(0)?
2
Let m(k) = 3*k - 17. Calculate m(8).
7
Let w(a) = -a**2 - 3*a + 10. Give w(-5).
0
Let p(u) = u**3 - 16*u**2 + 15*u. Determine p(15).
0
Let m(j) = -4*j - 48. Calculate m(-14).
8
Let p(k) = k - 14. Determine p(-5).
-19
Let w(d) = -195*d + 1169. Calculate w(6).
-1
Let w(h) = -3*h**3 + 3*h**2 + 4*h + 2. Determine w(-2).
30
Let f(m) = -2*m**2 + 39*m - 188. Calculate f(11).
-1
Let j(s) = s**3 + s - 9. Give j(-3).
-39
Let c(a) = 3*a - 2. Give c(-9).
-29
Let s(p) = p**3 + 10*p**2 + 5*p + 3. Give s(-10).
-47
Let n(x) = x**2 + 5*x - 33. Calculate n(8).
71
Let y(i) = -i + 9. Give y(0).
9
Let a(d) = -d**3 - 6*d**2 + 3*d + 8. Determine a(-6).
-10
Let z(x) = x**3 - 14*x**2 - 20*x + 17. Give z(15).
-58
Let o(z) = z + 9. Calculate o(4).
13
Let a(h) = -47*h**2 - 3*h - 4. Give a(-2).
-186
Let z(l) = -2*l**2 + 34*l - 34. Calculate z(16).
-2
Let j(u) = 35*u**3 + u**2 - 5*u - 5. Calculate j(-1).
-34
Let m(x) = -x**2 + 4*x + 3. Give m(2).
7
Let r(l) = -4*l**2 + l - 1. Calculate r(-1).
-6
Let x(b) = -b - 37. Give x(0).
-37
Let h(m) = -2*m + 1. Calculate h(-11).
23
Let u(i) = -2*i**3 + 4*i**2 + 2*i - 4. What is u(3)?
-16
Let l(q) = 23*q + 662. What is l(-29)?
-5
Let j(p) = -20*p**3 - p - 1. Give j(-1).
20
Let s(m) = -2*m + 43. Determine s(16).
11
Let i(u) = u**2 - 5*u - 12. Determine i(6).
-6
Let c(r) = r**3 - 12*r**2 - 14*r + 3. What is c(13)?
-10
Let a(r) = r**3 + 10*r**2 - r - 17. Calculate a(-8).
119
Let q(g) = g**2 + 4*g + 8. Give q(-3).
5
Let f(c) = -11*c + 27. What is f(2)?
5
Let j(a) = -a**3 + 6*a**2 + 4*a + 3. What is j(5)?
48
Let n(x) = -x**2 + 8*x + 33. What is n(11)?
0
Let c(k) = -15*k + 122. Determine c(6).
32
Let m(n) = -6*n - 2. What is m(1)?
-8
Let v(n) = n**3 + 4*n**2 + 2*n + 5. Calculate v(-4).
-3
Let h(n) = -n**3 + 18*n**2 - 58*n + 26. What is h(14)?
-2
Let m(k) = 4*k - 9. Determine m(6).
15
Let z(f) = -f**3 + 10*f**2 - 7*f - 30. Determine z(9).
-12
Let j(n) = n**2 + 78*n - 71. Calculate j(-79).
8
Let o(p) = -98*p - 1. What is o(1)?
-99
Let z(s) = s**3 - 4*s**2 - 3*s + 5. What is z(5)?
15
Let t(h) = 3*h + 8. Give t(-10).
-22
Let y(d) = -d**3 - 8*d**2 - 19*d - 18. Give y(-5).
2
Let s(g) = -31*g**2 - 4*g + 2. What is s(-1)?
-25
Let j(k) = -3*k - 26. Determine j(14).
-68
Let t(u) = -32*u + 2. Calculate t(3).
-94
Let w(t) = -4*t + 45. Determine w(7).
17
Let m(v) = 7*v - 70. Calculate m(10).
0
Let h(j) = 3*j - 57. Calculate h(15).
-12
Let c(x) = 2*x**2 + 98*x + 276. Determine c(-46).
0
Let j(l) = l**3 - 21*l**2 + 53*l + 21. What is j(18)?
3
Let b(h) = -3*h. Give b(-1).
3
Let m(a) = 11*a + 38. What is m(-4)?
-6
Let p(w) = -w**3 - 7*w**2 + 11*w + 7. Calculate p(-6).
-95
Let z(f) = -4*f**2 - 4. Determine z(2).
-20
Let l(y) = -y**2 + 8*y + 33. Determine l(11).
0
Let u(a) = -a**3 - a - 10. Give u(0).
-10
Let d(y) = y - 3. Calculate d(0).
-3
Let f(b) = -b**2 + 16*b + 142. What is f(22)?
10
Let s(m) = -m**3 - 10*m**2 - 11*m - 12. What is s(-9)?
6
Let h(k) = -2*k + 24. Determine h(0).
24
Let q(p) = p**3 + 6*p**2 - 6*p - 5. What is q(-7)?
-12
Let n(t) = t**2 - 13*t + 21. Give n(12).
9
Let z(c) = 9*c - 93. Calculate z(11).
6
Let h(t) = -16*t**3 - t**2 - t. Determine h(-1).
16
Let m(q) = -143*q + 261. Determine m(2).
-25
Let j(m) = -m**3 - 5*m**2 - 11*m - 7. Determine j(-2).
3
Let n(k) = -15*k**3 + k**2 - k + 1. Determine n(1).
-14
Let a(s) = s**2 + 31*s - 74. Determine a(-33).
-8
Let g(x) = -27*x + 2. Give g(-1).
29
Let a(o) = o**2 - 5*o + 3. What is a(3)?
-3
Let y(c) = -10*c**2 + 11*c + 11. Calculate y(-1).
-10
Let a(l) = 3*l - 80. Calculate a(24).
-8
Let s(t) = t**2 - 4*t + 6. Give s(1).
3
Let l(p) = p**2 + 8*p - 2. Determine l(-13).
63
Let t(n) = -n**3 - 7*n**2 + 14*n - 37. Determine t(-9).
-1
Let n(b) = b + 67. What is n(-4)?
63
Let i(y) = y**2 + 3*y - 14. What is i(-5)?
-4
Let x(u) = u**2 - 2*u - 5. What is x(3)?
-2
Let j(m) = 4*m - 24. Give j(10).
16
Let p(g) = -35*g + 4. Calculate p(1).
-31
Let y(s) = 2*s - 26. Calculate y(26).
26
Let q(z) = z**2 - 9*z + 6. Give q(7).
-8
Let f(g) = g**3 + 2*g**2 - 5*g - 3. Give f(-4).
-15
Let h(n) = -2*n**3 - 16*n**2 - 20*n - 36. Give h(-7).
6
Let k(l) = l**3 - 8*l**2 - 4*l + 12. What is k(8)?
-20
Let h(m) = m**2 - 9*m - 36. Calculate h(12).
0
Let y(w) = -w**2 - 19*w - 25. Determine y(-18).
-7
Let f(q) = 4*q + 12. Calculate f(-7).
-16
Let x(q) = q + 16. Determine x(-6).
10
Let m(s) = 2*s**3 - 4*s**2 - 2*s + 8. What is m(2)?
4
Let r(b) = b**3 - 5*b**2 + 2*b - 7. What is r(5)?
3
Let y(f) = -f**2 - f - 1. Determine y(-6).
-31
Let k(o) = -4*o + 14. Calculate k(6).
-10
Let w(p) = -2*p**3 - 34*p**2 - 30*p + 45. Determine w(-16).
13
Let y(c) = c**3 + 19*c**2 + 21*c + 37. Determine y(-18).
-17
Let q(i) = i**2 - 19*i + 45. Calculate q(8).
-43
Let c(i) = -8*i - 7. Give c(7).
-63
Let r(l) = -l**2 + 14*l - 19. What is r(12)?
5
Let p(o) = -o**3 - 8*o**2 - 21*o + 7. Give p(-4).
27
Let l(j) = j + 2. What is l(-2)?
0
Let f(l) = l + 40. What is f(-24)?
16
Let g(x) = -x**2 - 7*x + 65. Calculate g(5).
5
Let n(j) = j**3 + 6*j**2 + 8*j + 12. Determine n(-6).
-36
Let t(y) = -3*y**2 + 33*y - 20. Give t(10).
10
Let f(o) = -o - 34. Calculate f(15).
-49
Let k(y) = y**2 + 2*y - 2. Calculate k(-8).
46
Let k(l) = -5*l. Give k(7).
-35
Let v(l) = 2*l**2 - 27*l - 10. What is v(14)?
4
Let d(g) = -7*g - 15. Give d(-4).
13
Let n(x) = x - 21. What is n(12)?
-9
Let n(s) = s**2 + 2*s + 18. Determine n(0).
18
Let g(c) = -47*c + 19. Calculate g(2).
-75
Let l(i) = -22*i**2 + 1. Give l(1).
-21
Let f(r) = -r**3 - 49*r**2 - 46*r + 89. Determine f(-48).
-7
Let g(f) = 2*f**3 - 14*f**2 + 20*f + 7. Determine g(5).
7
Let a(g) = -41*g + 210. What is a(5)?
5
Let z(m) = m**3 - 4*m**2 + 4*m - 3. Calculate z(2).
-3
Let h(g) = -g**3 + 5*g**2 - 3*g - 1. Determine h(3).
8
Let y(h) = h**3 + 33. Give y(0).
33
Let x(a) = -a**3 + 5*a**2 + 60*a - 7. Calculate x(11).
-73
Let s(p) = -96*p - 3. Calculate s(1).
-99
Let p(f) = 3*f - 4. Determine p(-9).
-31
Let d(o) = o**3 + 6*o**2 + 7*o - 12. What is d(-4)?
-8
Let i(r) = -r**3 - 25*r**2 + r + 29. What is i(-25)?
4
Let i(c) = -17*c + 18. Give i(4).
-50
Let w(q) = -q**3 - 4*q**2 - 6*q - 11. Give w(-4).
13
Let k(a) = -8*a + 158. Calculate k(20).
-2
Let y(o) = -o**3 - 7*o**2 - 12*o - 17. Calculate y(-5).
-7
Let w(s) = -4*s - 27. Calculate w(-6).
-3
Let b(a) = -4*a**2 + 4*a + 5. Determine b(3).
-19
Let k(p) = -p**2 + 11*p + 112. Give k(18).
-14
Let c(r) = -r - 12. Determine c(-9).
-3
Let j(f) = 69*f**3 - 2*f**2 + f. Calculate j(1).
68
Let b(k) = -k**3 - 11*k**2 - 4*k - 1. Calculate b(-11).
43
Let b(w) = 2*w**2 - 6*w - 9. What is b(-3)?
27
Let a(u) = u**2 + 23*u + 69. Calculate a(-4).
-7
Let n(f) = f**3 - f**2 - 4. Determine n(0).
-4
Let y(f) = 2*f**2 + 18*f - 8. What is y(-9)?
-8
Let l(z) = -3*z + 9. Give l(8).
-15
Let w(o) = o**3 + 15*o**2 + 2*o + 9. Determine w(-15).
-21
Let a(y) = 2*y**2 - 5*y + 3. Calculate a(5).
28
Let w(c) = -2*c - 33. Determine w(-17).
1
Let k(f) = -f**2 + 7*f - 19. Give k(5).
-9
Let o(g) = 3*g + 6. Calculate o(-5).
-9
Let k(a) = 2*a**2 - 4*a - 1. Determine k(5).
29
Let b(r) = 5*r**2 + 3*r - 2. Calculate b(2).
24
Let o(q) = 24*q**2 + 2*q + 1. Calculate o(-1).
23
Let r(g) = -g**3 + 18*g**2 - 15*g - 13. Determine r(17).
21
Let f(j) = j**3 + 3*j**2 - j + 4. Give f(-2).
10
Let t(w) = -w**3 - 11*w**2 - 7*w - 3. Calculate t(-11).
74
Let d(r) = -r**2 + 34*r - 257. Calculate d(23).
-4
Let u(b) = -b**2 - 47*b + 103. Give u(-49).
5
Let v(h) = -h**2 - h + 6. Calculate v(0).
6
Let x(h) = 6*h**3 + h - 1. Calculate x(1).
6
Let g(s) = -21*s + 301. What is g(14)?
7
Let m(u) = -6*u**2 - 6*u. Give m(-4).
-72
Let v(c) = 4*c**2 + c - 29. Determine v(-5).
66
Let t